{"id":2,"date":"2021-10-14T20:17:22","date_gmt":"2021-10-14T20:17:22","guid":{"rendered":"http:\/\/urlaubmitfamily.de\/?page_id=2"},"modified":"2023-10-24T12:28:54","modified_gmt":"2023-10-24T12:28:54","slug":"sample-page","status":"publish","type":"page","link":"https:\/\/urlaubmitfamily.de\/?page_id=2","title":{"rendered":"Tipps f\u00fcr Familienreisen"},"content":{"rendered":"\t\t<div data-elementor-type=\"wp-page\" data-elementor-id=\"2\" class=\"elementor elementor-2\">\n\t\t\t\t<div class=\"elementor-element elementor-element-3590a6b3 e-flex e-con-boxed e-con e-parent\" data-id=\"3590a6b3\" data-element_type=\"container\" data-e-type=\"container\">\n\t\t\t\t\t<div class=\"e-con-inner\">\n\t\t\t\t<div class=\"elementor-element elementor-element-78c92aeb elementor-widget elementor-widget-text-editor\" data-id=\"78c92aeb\" data-element_type=\"widget\" data-e-type=\"widget\" data-widget_type=\"text-editor.default\">\n\t\t\t\t<div class=\"elementor-widget-container\">\n\t\t\t\t\t\t\t\t\t\n<blockquote class=\"wp-block-quote\">\n<p>Die Welt geh\u00f6rt denen, die zu ihrer Eroberung ausziehen, bewaffnet mit Sicherheit und guter Laune.\u00a0 (Charles Dickens)<\/p>\n<\/blockquote>\n\n<p>F\u00fcr Reisen mit Kindern geh\u00f6rt neben Sicherheit und guter Laune noch ein wenig mehr dazu, dass euer Urlaub gelingt:<\/p>\n<p>Hier sind unsere 10 Tipps f\u00fcr das Reisen mit Kindern:<\/p>\n<ol>\n<li><span style=\"color: #99cc00;\">Gute Planung ist entscheidend:<\/span> Beginne mit einer gr\u00fcndlichen Recherche \u00fcber dein Reiseziel. Finde kinderfreundliche Aktivit\u00e4ten, Sehensw\u00fcrdigkeiten und Unterk\u00fcnfte, die auf Familien ausgerichtet sind.<\/li>\n<\/ol>\n<p>2. <span style=\"color: #99cc00;\">Fr\u00fchzeitig buchen:<\/span> Sorge daf\u00fcr, dass Unterk\u00fcnfte, Fl\u00fcge und Aktivit\u00e4ten im Voraus reserviert werden. Das vermeidet Stress und Entt\u00e4uschungen, insbesondere in beliebten Reisezielen.<\/p>\n<p>3. <span style=\"color: #99cc00;\">Packe klug:<br \/><\/span>Denke an die Bed\u00fcrfnisse deiner Kinder. Packe ausreichend Kleidung, Windeln, Feuchtt\u00fccher, Spielzeug und andere wichtige Gegenst\u00e4nde ein. Vergiss auch nicht Medikamente oder Notfallausr\u00fcstung, falls ben\u00f6tigt.<\/p>\n<p>4. <span style=\"color: #99cc00;\">Unterhaltung an Bord:<\/span><br \/>Langweilige Reisen k\u00f6nnen f\u00fcr Kinder anstrengend sein. Bringe Spiele, B\u00fccher, R\u00e4tsel und elektronische Ger\u00e4te mit, um die Zeit zu vertreiben.<\/p>\n<p>5. <span style=\"color: #99cc00;\">Flexible Zeitpl\u00e4ne:<\/span><br \/>Sei bereit, deinen Zeitplan anzupassen, um den Bed\u00fcrfnissen deiner Kinder gerecht zu werden. Regelm\u00e4\u00dfige Pausen f\u00fcr Snacks, Spielzeiten und Ruhepausen sind wichtig.<\/p>\n<p>6. <span style=\"color: #99cc00;\">Gesunde Snacks und Getr\u00e4nke:<\/span><br \/>Vermeide zuckerhaltige Snacks und konzentriere dich auf gesunde Optionen wie Obst, Gem\u00fcse und N\u00fcsse. Halte immer gen\u00fcgend Wasser griffbereit.<\/p>\n<p>7. <span style=\"color: #99cc00;\">Kinderfreundliche Aktivit\u00e4ten:<\/span><br \/>W\u00e4hle Aktivit\u00e4ten aus, die f\u00fcr Kinder jeden Alters geeignet sind. Zoos, Parks, interaktive Museen und Str\u00e4nde sind oft gute Optionen.<\/p>\n<p>8. <span style=\"color: #99cc00;\">Kindersicherheit:<br \/><\/span>Achte darauf, dass die Unterkunft kindersicher ist. Steckdosen sollten abgedeckt sein, scharfe Gegenst\u00e4nde au\u00dfer Reichweite und Treppen gesichert.<\/p>\n<p>9. <span style=\"color: #99cc00;\">Einfache Mahlzeiten:<\/span><br \/>Suche nach Restaurants, die kinderfreundliche Men\u00fcs anbieten. Wenn m\u00f6glich, w\u00e4hle Orte, an denen die Kinder herumlaufen k\u00f6nnen, um \u00fcbersch\u00fcssige Energie loszuwerden.<\/p>\n<p>10. Nehme R\u00fccksicht auf die <span style=\"color: #99cc00;\">Bed\u00fcrfnisse deiner Kinder:<br \/><\/span> H\u00f6re auf die Signale deiner Kinder. Wenn sie m\u00fcde, hungrig oder unzufrieden sind, ist es wichtig, ihre Bed\u00fcrfnisse zu respektieren und anzugehen.<\/p>\n<p>Denke daran, dass jedes Kind einzigartig ist. Was f\u00fcr ein Kind funktioniert, muss nicht unbedingt f\u00fcr ein anderes Kind gelten. Flexibilit\u00e4t und Geduld sind Schl\u00fcssel zum erfolgreichen Reisen mit Kindern.<\/p>\n\t\t\t\t\t\t\t\t<\/div>\n\t\t\t\t<\/div>\n\t\t\t\t\t<\/div>\n\t\t\t\t<\/div>\n\t\t<div class=\"elementor-element elementor-element-c76aeee e-flex e-con-boxed e-con e-parent\" data-id=\"c76aeee\" data-element_type=\"container\" data-e-type=\"container\">\n\t\t\t\t\t<div class=\"e-con-inner\">\n\t\t\t\t<div class=\"elementor-element elementor-element-d9764c1 elementor-button-info elementor-widget elementor-widget-button\" data-id=\"d9764c1\" data-element_type=\"widget\" data-e-type=\"widget\" data-widget_type=\"button.default\">\n\t\t\t\t<div class=\"elementor-widget-container\">\n\t\t\t\t\t\t\t\t\t<div class=\"elementor-button-wrapper\">\n\t\t\t\t\t<a class=\"elementor-button elementor-button-link elementor-size-xl\" href=\"https:\/\/www.amazon.de\/gp\/search?ie=UTF8&#038;tag=urlaubmitfami-21&#038;linkCode=ur2&#038;linkId=44c4dc4a3716ca595b87ab767f4306fb&#038;camp=1638&#038;creative=6742&#038;index=books&#038;keywords=Familien%20Reisef\u00fchrer\" target=\"_blank\">\n\t\t\t\t\t\t<span class=\"elementor-button-content-wrapper\">\n\t\t\t\t\t\t\t\t\t<span class=\"elementor-button-text\">Jetzt passenden Reisef\u00fchrer buchen<\/span>\n\t\t\t\t\t<\/span>\n\t\t\t\t\t<\/a>\n\t\t\t\t<\/div>\n\t\t\t\t\t\t\t\t<\/div>\n\t\t\t\t<\/div>\n\t\t\t\t\t<\/div>\n\t\t\t\t<\/div>\n\t\t\t\t<\/div>\n\t\t","protected":false},"excerpt":{"rendered":"<p>Die Welt geh\u00f6rt denen, die zu ihrer Eroberung ausziehen, bewaffnet mit Sicherheit und guter Laune.\u00a0 (Charles Dickens) F\u00fcr Reisen mit Kindern geh\u00f6rt neben Sicherheit und guter Laune noch ein wenig mehr dazu, dass euer Urlaub gelingt: Hier sind unsere 10 Tipps f\u00fcr das Reisen mit Kindern: Gute Planung ist entscheidend: Beginne mit einer gr\u00fcndlichen Recherche [&hellip;]<\/p>\n","protected":false},"author":1,"featured_media":0,"parent":0,"menu_order":0,"comment_status":"closed","ping_status":"closed","template":"","meta":{"footnotes":""},"class_list":["post-2","page","type-page","status-publish","hentry"],"_links":{"self":[{"href":"https:\/\/urlaubmitfamily.de\/index.php?rest_route=\/wp\/v2\/pages\/2","targetHints":{"allow":["GET"]}}],"collection":[{"href":"https:\/\/urlaubmitfamily.de\/index.php?rest_route=\/wp\/v2\/pages"}],"about":[{"href":"https:\/\/urlaubmitfamily.de\/index.php?rest_route=\/wp\/v2\/types\/page"}],"author":[{"embeddable":true,"href":"https:\/\/urlaubmitfamily.de\/index.php?rest_route=\/wp\/v2\/users\/1"}],"replies":[{"embeddable":true,"href":"https:\/\/urlaubmitfamily.de\/index.php?rest_route=%2Fwp%2Fv2%2Fcomments&post=2"}],"version-history":[{"count":15,"href":"https:\/\/urlaubmitfamily.de\/index.php?rest_route=\/wp\/v2\/pages\/2\/revisions"}],"predecessor-version":[{"id":491,"href":"https:\/\/urlaubmitfamily.de\/index.php?rest_route=\/wp\/v2\/pages\/2\/revisions\/491"}],"wp:attachment":[{"href":"https:\/\/urlaubmitfamily.de\/index.php?rest_route=%2Fwp%2Fv2%2Fmedia&parent=2"}],"curies":[{"name":"wp","href":"https:\/\/api.w.org\/{rel}","templated":true}]}}